- (-2 + (-13 - 2)). Suppose -2*n + 20 = 2*l, -l - k = -3*l + 5*n. What are the prime factors of l?
2, 5
Let n = -13 + 28. Let t = 10 + n. What are the prime factors of (0 - 6/(-15))*t?
2, 5
Suppose -2*m - 2 + 7 = -c, -3*c = -4*m + 11. Suppose 0 = -m*k + 3 + 7. List the prime factors of k.
5
Suppose 3*j = 2*p - 6*p + 112, -j + 4*p + 16 = 0. List the prime factors of j.
2
What are the prime factors of 172*(10/(-4) + 3)?
2, 43
Let b(n) = n**2 + 9*n + 10. Suppose 0 = -o - 2, 4*d = -o + 6*o - 22. Let p be b(d). List the prime factors of 2*(7/p + 1).
3
Let b(h) be the first derivative of 2*h**2 - 4*h - 2. What are the prime factors of b(4)?
2, 3
Suppose -2*o + 189 = -o. What are the prime factors of o?
3, 7
Suppose 0 = -p + 4*p. Let a be 1*0/(-1) + 3. Let j = a - p. What are the prime factors of j?
3
Let n(r) = 6 - r + r**3 + 2 + 0 + r**2. Let i be n(0). Let k = 12 - i. List the prime factors of k.
2
Suppose 0 = -4*s - 8 + 48. Let x = s + 7. List the prime factors of x.
17
Let t(a) = a**3 - 4*a**2 - 6*a - 3. Let j be t(5). Let r(i) = i**2 + 7*i + 9. List the prime factors of r(j).
17
Suppose a = -4*a. Suppose 4*z = -a*z + 124. List the prime factors of z.
31
Let x(c) = -c**3 + 0*c**3 + c**2 + 2 + 5*c - 4*c. What are the prime factors of x(-2)?
2, 3
Suppose 2*v + 0*v + 36 = 5*s, -5*v = 15. Let n = -3 + 3. Suppose s = r - n. List the prime factors of r.
2, 3
Let o = -93 - -136. List the prime factors of o.
43
Let a be (-38)/4 - (-6)/(-12). Let s = 5 + a. Let b = 13 + s. What are the prime factors of b?
2
Let u(g) = -g**3 + 6*g**2 - g + 7. Let f be u(6). What are the prime factors of (-15 - -26) + f/(-1)?
2, 5
Suppose -5*i - 56 = 3*v, -i = 5*v - 0*v - 2. Let l = i - -18. Suppose 2*y = -0*y + l*p + 5, 2*y + 2*p - 40 = 0. What are the prime factors of y?
3, 5
Let x = 56 - 6. List the prime factors of x.
2, 5
Let b(u) = 3*u**2 + u + 2*u - 4 + 2 - u**3. Suppose -15 = -5*q + 3*n, -3*q + 13 - 4 = 5*n. List the prime factors of b(q).
7
Let r be -1 - (-5)/((-10)/(-38)). Suppose 0 = -3*k - r + 78. What are the prime factors of k?
2, 5
Suppose x = -x - 8. Let f = 0 - x. Suppose f = 2*p - 14. What are the prime factors of p?
3
Let o = -1 + 3. Suppose -5*h + 2*d = -27, 4*h + 9*d = 4*d + 15. Suppose o*s = 3*j - 22, s - 28 = -4*j + h. List the prime factors of j.
2
Suppose -47 = -4*a - 135. Let w be (0 - 8/(-4)) + -18. Let d = w - a. What are the prime factors of d?
2, 3
Let r(t) = -30*t - 34. List the prime factors of r(-7).
2, 11
Suppose s + 0*p - 13 = -p, -4*s = -p - 52. Suppose 4*a - 139 = s. Let g = a + -27. What are the prime factors of g?
11
Suppose 2*q = 6*q - 240. Suppose -4*x = -0*x - q. List the prime factors of x.
3, 5
Suppose 0 = q - 2*x + 8 + 2, -2*q + 3*x = 17. Let h = 8 - q. List the prime factors of h.
2, 3
Suppose -2*k = -16 - 8. Suppose 2*j + g + k = j, -5*j - 4*g = 57. Let h = j + 22. List the prime factors of h.
13
Let o(h) = -13*h**3 - h - 1. Let u = 4 + -5. Let v be o(u). Let i = -8 + v. What are the prime factors of i?
5
Suppose 2*z + 175 = 7*z. List the prime factors of z.
5, 7
Let b be (5/1)/((-12)/(-96)). Suppose -4*n + 44 = -b. List the prime factors of n.
3, 7
List the prime factors of (0 - -47) + 52/(-13).
43
Let a(t) = -t**3 + 2*t + 202. What are the prime factors of a(0)?
2, 101
Suppose 4*t - 2*o - 491 = o, -4*t + o + 489 = 0. What are the prime factors of t?
2, 61
Suppose 5*i - 150 = 5*m, -2*i + 3*m + 122 = 2*i. List the prime factors of i.
2
Let k(y) = -5*y**2 + 2*y - 6. Let n(x) = 9*x**2 - 5*x + 11. Let q(r) = -11*k(r) - 6*n(r). What are the prime factors of q(-11)?
3, 11
Let z(r) = -r**2 - 5*r + 3. Let w be z(-4). Let y = w + -3. Suppose -y - 17 = -3*b. What are the prime factors of b?
7
Let p be (-70)/(-8) - 3/(-12). Let u(v) = -v**3 + 10*v**2 - 7*v - 9. List the prime factors of u(p).
3
Let s = 7 - 6. Suppose -s = 2*i - 11. What are the prime factors of i?
5
Suppose -j + 29 + 0 = 0. What are the prime factors of j?
29
Let l = -1 - 15. What are the prime factors of 214/8 + (-4)/l?
3
Let y(m) be the third derivative of m**6/60 + m**4/12 + m**2. Let i(t) be the second derivative of y(t). List the prime factors of i(1).
2, 3
Let v(g) = -g**3 + 3*g**2 - g. Let y be v(2). Let p be (y + -2)/((-2)/2). What are the prime factors of 5 + (-2)/4*p?
5
List the prime factors of 18/(-21) - (-26015)/77.
337
Let o = 65 - 1. Suppose -2*a + o = 22. List the prime factors of a.
3, 7
Let y = 156 - 101. Suppose -y = -11*c + 6*c. What are the prime factors of c?
11
List the prime factors of (-2066)/(-11) - (-4)/22.
2, 47
Let b(a) be the second derivative of -a**3/6 + 3*a**2/2 - a. List the prime factors of b(-9).
2, 3
Suppose 0 = -d - 4*u + 197, -d + 6*d + 4*u = 937. What are the prime factors of d?
5, 37
Let m(c) = -c**3 + 5*c**2 + 7*c - 5. Let t be m(5). Let q = t - 16. What are the prime factors of q?
2, 7
Suppose -4*g - 39 = -687. What are the prime factors of g?
2, 3
Suppose 6*g = 2*g - 32. Let d = g + 2. What are the prime factors of 2*-6*8/d?
2
Suppose -4*x + 127 = 3*h, 0 = -0*x - 2*x - 2*h + 62. What are the prime factors of x?
2, 17
Let m be 2 - -2*12/8. Suppose -m*x = -3*c + 5*c - 150, -2*x - 4*c = -44. List the prime factors of x.
2
Let o(f) = 2*f**2 - 10*f - 3. What are the prime factors of o(-12)?
3, 5
Suppose 2*o - 24 = -4*p - 2*o, -4 = 4*o. Let u(z) = -z**3 + 6*z**2 + 8*z - 4. What are the prime factors of u(p)?
3
Let z be (-4)/8 - (-7)/2. Suppose 2*u = z + 55. What are the prime factors of u?
29
Suppose 0 = r - 3*r + 20. What are the prime factors of r?
2, 5
Let h = 9 - 4. Suppose h*j - 7 - 118 = 0. What are the prime factors of j?
5
Suppose 2*p + 2*p - 20 = 0. Suppose 0 = p*z - 10 - 10. What are the prime factors of z?
2
What are the prime factors of (-7)/(1*2/(-104))?
2, 7, 13
Let q(a) = -a**3 + 2*a**2 + 5*a - 3. Let x be q(3). Suppose 0 = 4*g + t + 2*t - 69, x*t = 3*g - 36. What are the prime factors of g?
3, 5
Suppose y - 2*z + 3*z - 135 = 0, 4*z - 4 = 0. List the prime factors of y.
2, 67
Let d = 19 - -6. What are the prime factors of d?
5
Let k(s) = s**3 - 5*s**2 + 7*s - 3. What are the prime factors of k(6)?
3, 5
Let j be (0 + 7)*(-1 - 0). Let i = j - -28. Suppose -4*t = x - 12, -i = -4*t + x - 1. What are the prime factors of t?
2
Suppose -4*r - 14 + 46 = 0. Let l(o) = -5*o - 1. Let u be l(-1). Let j = u + r. What are the prime factors of j?
2, 3
Suppose 5*x = 8*x - 9. Suppose -2*a - x*a = -150. List the prime factors of a.
2, 3, 5
Suppose 8 - 24 = -2*b. Let r(m) = -m - 4. Let g be r(-3). List the prime factors of g + 0 + b + -1.
2, 3
Let o = 66 - 134. List the prime factors of o/(-5) - 8/(-20).
2, 7
Let h(q) = -q**3 + 6*q**2 + q - 6. Let u be h(6). Suppose u = -g - 0*g + 29. List the prime factors of g.
29
Suppose -3*i + 79 + 179 = 0. Suppose 5*s = i - 1. List the prime factors of s.
17
Suppose 0*q - 40 = 4*q. Let k = -4 - q. Suppose k*x = x + 60. What are the prime factors of x?
2, 3
Let j be (2 - -2)/((-2)/(-6)). Suppose 2*i - j - 2 = 0. What are the prime factors of i?
7
Let h(f) = -f**3 + 4*f**2 - f + 1. Let i be h(3). Let s = -1 + i. Let a = s - -4. What are the prime factors of a?
2, 5
Let g(h) = -5*h**2 + 4*h**2 - 11*h**3 - 3*h**2 - h + 2*h**2. List the prime factors of g(-1).
2, 5
Let t be 15/(-2)*(4 + -2). What are the prime factors of (-6)/t - 16/(-10)?
2
Let a(y) = y + 45. What are the prime factors of a(-7)?
2, 19
Suppose 0 = 5*w, -i = 2*w + 3*w - 34. Let s = -24 + i. List the prime factors of s.
2, 5
What are the prime factors of (-23)/(-3) - (-2 + (-25)/(-15))?
2
Let u be ((-2)/(-6))/(3/45). Let o(f) be the third derivative of -f**6/120 + f**5/10 - 5*f**4/24 + f**3/2 - 4*f**2. What are the prime factors of o(u)?
3
Let t(y) = 66*y**2 + 2*y + 1. Let i be t(-1). Let q = -16 - -22. Suppose -q*w = -w - i. What are the prime factors of w?
13
Let n be (-3 - -3) + 5 + -1. Suppose 2*m - 34 = n*y, -m + 8*y + 14 = 3*y. List the prime factors of m.
19
Let n(r) = r**3 + 2. Let j be n(0). Suppose 3*f - 60 = 4*d - 0*d, f - 18 = j*d. What are the prime factors of f?
2, 3
Let b(r) be the third derivative of r**4/6 + 2*r**3/3 - 2*r**2. Let i be b(4). Suppose 15 = 5*w - i. What are the prime factors of w?
7
Let i = -133 - -226. List the prime factors of i.
3, 31
Suppose 0*y + 3*y = -4*p + 44, y = -p + 10. Suppose 3*k + 24 = -3